[INFO] cloning repository https://github.com/DeMille/wasm-glue
[INFO] running `Command { std: "git" "-c" "credential.helper=" "-c" "credential.helper=/workspace/cargo-home/bin/git-credential-null" "clone" "--bare" "https://github.com/DeMille/wasm-glue" "/workspace/cache/git-repos/https%3A%2F%2Fgithub.com%2FDeMille%2Fwasm-glue", kill_on_drop: false }`
[INFO] [stderr] Cloning into bare repository '/workspace/cache/git-repos/https%3A%2F%2Fgithub.com%2FDeMille%2Fwasm-glue'...
[INFO] running `Command { std: "git" "rev-parse" "HEAD", kill_on_drop: false }`
[INFO] [stdout] 5836c938a6ee21f4c8427265347458525c547e2a
[INFO] checking DeMille/wasm-glue against master#9610dfe5a9a731ced1ea4923ecbd0c57fe367898 for beta-170-4
[INFO] running `Command { std: "git" "clone" "/workspace/cache/git-repos/https%3A%2F%2Fgithub.com%2FDeMille%2Fwasm-glue" "/workspace/builds/worker-3-tc1/source", kill_on_drop: false }`
[INFO] [stderr] Cloning into '/workspace/builds/worker-3-tc1/source'...
[INFO] [stderr] done.
[INFO] validating manifest of git repo https://github.com/DeMille/wasm-glue on toolchain 9610dfe5a9a731ced1ea4923ecbd0c57fe367898
[INFO] running `Command { std: CARGO_HOME="/workspace/cargo-home" RUSTUP_HOME="/workspace/rustup-home" "/workspace/cargo-home/bin/cargo" "+9610dfe5a9a731ced1ea4923ecbd0c57fe367898" "metadata" "--manifest-path" "Cargo.toml" "--no-deps", kill_on_drop: false }`
[INFO] started tweaking git repo https://github.com/DeMille/wasm-glue
[INFO] finished tweaking git repo https://github.com/DeMille/wasm-glue
[INFO] tweaked toml for git repo https://github.com/DeMille/wasm-glue written to /workspace/builds/worker-3-tc1/source/Cargo.toml
[INFO] crate git repo https://github.com/DeMille/wasm-glue already has a lockfile, it will not be regenerated
[INFO] running `Command { std: CARGO_HOME="/workspace/cargo-home" RUSTUP_HOME="/workspace/rustup-home" "/workspace/cargo-home/bin/cargo" "+9610dfe5a9a731ced1ea4923ecbd0c57fe367898" "fetch" "--manifest-path" "Cargo.toml", kill_on_drop: false }`
[INFO] running `Command { std: "docker" "create" "-v" "/var/lib/crater-agent-workspace/builds/worker-3-tc1/target:/opt/rustwide/target:rw,Z" "-v" "/var/lib/crater-agent-workspace/builds/worker-3-tc1/source:/opt/rustwide/workdir:ro,Z" "-v" "/var/lib/crater-agent-workspace/cargo-home:/opt/rustwide/cargo-home:ro,Z" "-v" "/var/lib/crater-agent-workspace/rustup-home:/opt/rustwide/rustup-home:ro,Z" "-e" "SOURCE_DIR=/opt/rustwide/workdir" "-e" "CARGO_TARGET_DIR=/opt/rustwide/target" "-e" "CARGO_HOME=/opt/rustwide/cargo-home" "-e" "RUSTUP_HOME=/opt/rustwide/rustup-home" "-w" "/opt/rustwide/workdir" "-m" "1610612736" "--user" "0:0" "--network" "none" "ghcr.io/rust-lang/crates-build-env/linux@sha256:19e73879b68f455e41552ea35293514db52ea292d993f571636dbffedb77a1ee" "/opt/rustwide/cargo-home/bin/cargo" "+9610dfe5a9a731ced1ea4923ecbd0c57fe367898" "metadata" "--no-deps" "--format-version=1", kill_on_drop: false }`
[INFO] [stdout] c4f2121b2f54fd0489edd1afb8e8ba8e0b4897f62d94636feab894f4ad2f9a33
[INFO] running `Command { std: "docker" "start" "-a" "c4f2121b2f54fd0489edd1afb8e8ba8e0b4897f62d94636feab894f4ad2f9a33", kill_on_drop: false }`
[INFO] running `Command { std: "docker" "inspect" "c4f2121b2f54fd0489edd1afb8e8ba8e0b4897f62d94636feab894f4ad2f9a33", kill_on_drop: false }`
[INFO] running `Command { std: "docker" "rm" "-f" "c4f2121b2f54fd0489edd1afb8e8ba8e0b4897f62d94636feab894f4ad2f9a33", kill_on_drop: false }`
[INFO] [stdout] c4f2121b2f54fd0489edd1afb8e8ba8e0b4897f62d94636feab894f4ad2f9a33
[INFO] running `Command { std: "docker" "create" "-v" "/var/lib/crater-agent-workspace/builds/worker-3-tc1/target:/opt/rustwide/target:rw,Z" "-v" "/var/lib/crater-agent-workspace/builds/worker-3-tc1/source:/opt/rustwide/workdir:ro,Z" "-v" "/var/lib/crater-agent-workspace/cargo-home:/opt/rustwide/cargo-home:ro,Z" "-v" "/var/lib/crater-agent-workspace/rustup-home:/opt/rustwide/rustup-home:ro,Z" "-e" "SOURCE_DIR=/opt/rustwide/workdir" "-e" "CARGO_TARGET_DIR=/opt/rustwide/target" "-e" "CARGO_INCREMENTAL=0" "-e" "RUST_BACKTRACE=full" "-e" "RUSTFLAGS=--cap-lints=forbid" "-e" "RUSTDOCFLAGS=--cap-lints=forbid" "-e" "CARGO_HOME=/opt/rustwide/cargo-home" "-e" "RUSTUP_HOME=/opt/rustwide/rustup-home" "-w" "/opt/rustwide/workdir" "-m" "1610612736" "--user" "0:0" "--network" "none" "ghcr.io/rust-lang/crates-build-env/linux@sha256:19e73879b68f455e41552ea35293514db52ea292d993f571636dbffedb77a1ee" "/opt/rustwide/cargo-home/bin/cargo" "+9610dfe5a9a731ced1ea4923ecbd0c57fe367898" "check" "--frozen" "--all" "--all-targets" "--message-format=json", kill_on_drop: false }`
[INFO] [stdout] d6e97f52d52719fbbd17b541bb14b0cc0a662004430264f3d459849758fd9085
[INFO] running `Command { std: "docker" "start" "-a" "d6e97f52d52719fbbd17b541bb14b0cc0a662004430264f3d459849758fd9085", kill_on_drop: false }`
[INFO] [stderr]     Checking wasm-glue v0.1.0 (/opt/rustwide/workdir)
[INFO] [stdout] error[E0425]: cannot find function `set_print` in module `io`
[INFO] [stdout]    --> src/lib.rs:125:9
[INFO] [stdout]     |
[INFO] [stdout] 125 |     io::set_print(Some(Box::new(printer)));
[INFO] [stdout]     |         ^^^^^^^^^ help: a function with a similar name exists: `_eprint`
[INFO] [stdout]    --> /rustc/9610dfe5a9a731ced1ea4923ecbd0c57fe367898/library/std/src/io/stdio.rs:1105:1
[INFO] [stdout]     |
[INFO] [stdout]     = note: similarly named function `_eprint` defined here
[INFO] [stdout] 
[INFO] [stdout] 
[INFO] [stdout] error[E0425]: cannot find function `set_print` in module `io`
[INFO] [stdout]    --> src/lib.rs:131:9
[INFO] [stdout]     |
[INFO] [stdout] 131 |     io::set_print(Some(Box::new(printer)));
[INFO] [stdout]     |         ^^^^^^^^^ help: a function with a similar name exists: `_eprint`
[INFO] [stdout]    --> /rustc/9610dfe5a9a731ced1ea4923ecbd0c57fe367898/library/std/src/io/stdio.rs:1105:1
[INFO] [stdout]     |
[INFO] [stdout]     = note: similarly named function `_eprint` defined here
[INFO] [stdout] 
[INFO] [stdout] 
[INFO] [stdout] error[E0425]: cannot find function `set_panic` in module `io`
[INFO] [stdout]    --> src/lib.rs:137:9
[INFO] [stdout]     |
[INFO] [stdout] 137 |     io::set_panic(Some(Box::new(eprinter)));
[INFO] [stdout]     |         ^^^^^^^^^ not found in `io`
[INFO] [stdout] 
[INFO] [stdout] 
[INFO] [stdout] error[E0425]: cannot find function `set_panic` in module `io`
[INFO] [stdout]    --> src/lib.rs:143:9
[INFO] [stdout]     |
[INFO] [stdout] 143 |     io::set_panic(Some(Box::new(eprinter)));
[INFO] [stdout]     |         ^^^^^^^^^ not found in `io`
[INFO] [stdout] 
[INFO] [stdout] 
[INFO] [stdout] warning: the feature `panic_col` has been stable since 1.25.0 and no longer requires an attribute to enable
[INFO] [stdout]  --> src/lib.rs:2:12
[INFO] [stdout]   |
[INFO] [stdout] 2 | #![feature(panic_col)]
[INFO] [stdout]   |            ^^^^^^^^^
[INFO] [stdout]   |
[INFO] [stdout]   = note: `#[warn(stable_features)]` on by default
[INFO] [stdout] 
[INFO] [stdout] 
[INFO] [stdout] error[E0635]: unknown feature `set_stdio`
[INFO] [stdout]  --> src/lib.rs:1:12
[INFO] [stdout]   |
[INFO] [stdout] 1 | #![feature(set_stdio)]
[INFO] [stdout]   |            ^^^^^^^^^
[INFO] [stdout] 
[INFO] [stdout] 
[INFO] [stdout] error: aborting due to 5 previous errors; 1 warning emitted
[INFO] [stdout] 
[INFO] [stdout] 
[INFO] [stdout] Some errors have detailed explanations: E0425, E0635.
[INFO] [stdout] 
[INFO] [stdout] For more information about an error, try `rustc --explain E0425`.
[INFO] [stdout] 
[INFO] [stderr] error: could not compile `wasm-glue` (lib test) due to 6 previous errors; 1 warning emitted
[INFO] [stderr] warning: build failed, waiting for other jobs to finish...
[INFO] [stdout] error[E0425]: cannot find function `set_print` in module `io`
[INFO] [stdout]    --> src/lib.rs:125:9
[INFO] [stdout]     |
[INFO] [stdout] 125 |     io::set_print(Some(Box::new(printer)));
[INFO] [stdout]     |         ^^^^^^^^^ help: a function with a similar name exists: `_eprint`
[INFO] [stdout]    --> /rustc/9610dfe5a9a731ced1ea4923ecbd0c57fe367898/library/std/src/io/stdio.rs:1105:1
[INFO] [stdout]     |
[INFO] [stdout]     = note: similarly named function `_eprint` defined here
[INFO] [stdout] 
[INFO] [stdout] 
[INFO] [stdout] error[E0425]: cannot find function `set_print` in module `io`
[INFO] [stdout]    --> src/lib.rs:131:9
[INFO] [stdout]     |
[INFO] [stdout] 131 |     io::set_print(Some(Box::new(printer)));
[INFO] [stdout]     |         ^^^^^^^^^ help: a function with a similar name exists: `_eprint`
[INFO] [stdout]    --> /rustc/9610dfe5a9a731ced1ea4923ecbd0c57fe367898/library/std/src/io/stdio.rs:1105:1
[INFO] [stdout]     |
[INFO] [stdout]     = note: similarly named function `_eprint` defined here
[INFO] [stdout] 
[INFO] [stdout] 
[INFO] [stdout] error[E0425]: cannot find function `set_panic` in module `io`
[INFO] [stdout]    --> src/lib.rs:137:9
[INFO] [stdout]     |
[INFO] [stdout] 137 |     io::set_panic(Some(Box::new(eprinter)));
[INFO] [stdout]     |         ^^^^^^^^^ not found in `io`
[INFO] [stdout] 
[INFO] [stdout] 
[INFO] [stdout] error[E0425]: cannot find function `set_panic` in module `io`
[INFO] [stdout]    --> src/lib.rs:143:9
[INFO] [stdout]     |
[INFO] [stdout] 143 |     io::set_panic(Some(Box::new(eprinter)));
[INFO] [stdout]     |         ^^^^^^^^^ not found in `io`
[INFO] [stdout] 
[INFO] [stdout] 
[INFO] [stdout] warning: the feature `panic_col` has been stable since 1.25.0 and no longer requires an attribute to enable
[INFO] [stdout]  --> src/lib.rs:2:12
[INFO] [stdout]   |
[INFO] [stdout] 2 | #![feature(panic_col)]
[INFO] [stdout]   |            ^^^^^^^^^
[INFO] [stdout]   |
[INFO] [stdout]   = note: `#[warn(stable_features)]` on by default
[INFO] [stdout] 
[INFO] [stdout] 
[INFO] [stdout] error[E0635]: unknown feature `set_stdio`
[INFO] [stdout]  --> src/lib.rs:1:12
[INFO] [stdout]   |
[INFO] [stdout] 1 | #![feature(set_stdio)]
[INFO] [stdout]   |            ^^^^^^^^^
[INFO] [stdout] 
[INFO] [stdout] 
[INFO] [stdout] error: aborting due to 5 previous errors; 1 warning emitted
[INFO] [stdout] 
[INFO] [stdout] 
[INFO] [stdout] Some errors have detailed explanations: E0425, E0635.
[INFO] [stdout] 
[INFO] [stdout] For more information about an error, try `rustc --explain E0425`.
[INFO] [stdout] 
[INFO] [stderr] error: could not compile `wasm-glue` (lib) due to 6 previous errors; 1 warning emitted
[INFO] running `Command { std: "docker" "inspect" "d6e97f52d52719fbbd17b541bb14b0cc0a662004430264f3d459849758fd9085", kill_on_drop: false }`
[INFO] running `Command { std: "docker" "rm" "-f" "d6e97f52d52719fbbd17b541bb14b0cc0a662004430264f3d459849758fd9085", kill_on_drop: false }`
[INFO] [stdout] d6e97f52d52719fbbd17b541bb14b0cc0a662004430264f3d459849758fd9085
